se 3*r + 12 = -2*m, -4*r - 30 + 0 = -2*m. Calculate x(r).
4
Let o(m) = 2*m**2 - 3*m - 1. Let c be (13 + -9)*(-17)/4. Let d = c - -20. Calculate o(d).
8
Let l(m) = 5*m**3 + 21*m**2 - 7. Let j(s) = -4*s**3 - 18*s**2 + 7. Let k(n) = -4*j(n) - 3*l(n). Calculate k(-9).
-7
Let n(x) = 2*x - 4*x - 5*x - 4*x + x**2 - 3 + 12*x. Give n(0).
-3
Suppose -498 = 4*j - 462. Let o(g) be the third derivative of g**6/120 + 3*g**5/20 + g**4/24 + g**3/3 - g**2. Calculate o(j).
-7
Let v(m) be the first derivative of 23*m**4/4 + m**3/3 - m**2/2 - 386. What is v(1)?
23
Let b(c) be the second derivative of 5*c**4/12 - c**3/3 - c**2 - c + 246. Let z(k) = -k + 7. Let p be 9/2 - 2/(-4). Let n be z(p). Determine b(n).
14
Let o(z) = 1. Let v(n) = n**3 - 7*n**2 - 2. Let r(a) = -5*o(a) - v(a). Let s(l) = -l + 23. Let w be s(16). Give r(w).
-3
Suppose 2*u + 11*u - 390 = 0. Suppose 8*c - 3*c - u = 5*p, 5*p + 26 = 3*c. Let m(k) = -3*k - 1. Determine m(c).
-7
Let j = -15 + 24. Let h(r) = 2*r + 6 + 2*r**2 - j*r - 5*r**2 + r**3. What is h(4)?
-6
Suppose -4*p = 2*k + 10, 4*p = -7*k + 4*k - 15. Suppose 6*h - 2*h + 60 = p. Let s be -1 + (-4)/12*h. Let y(m) = -m + 9. What is y(s)?
5
Suppose 12 = o + 4*b, b - 2 = o + 1. Suppose o*p = -p. Let k(n) = -152*n + 51*n**2 + 153*n - 50*n**2 + 7. Calculate k(p).
7
Let f = 10 - 9. Let q(r) be the first derivative of 3*r**4 - r**2 + r + 115. Give q(f).
11
Let l(a) = -a - 2*a**2 - 3 + 1 + a**2 + 5*a**2 + a**3. What is l(-4)?
2
Let j(p) be the first derivative of p**6/360 - p**5/20 + p**4/24 + 4*p**3 - 7. Let c(v) be the third derivative of j(v). Give c(5).
-4
Let a(h) = -2*h + 2*h**3 + 3*h + 2*h**3 - 5*h**3. Suppose -2*w + 36 = -4*j + 12, -5*j - 21 = 2*w. Let o = j + 3. Calculate a(o).
6
Let w(g) = 8*g + 4. Let m(h) = 5*h + 5. Let v(o) = 3*m(o) - 2*w(o). Give v(6).
1
Let l be (-39)/26 + -3*(-9)/(-6). Let m(y) = y**2 + 5*y - 1. Give m(l).
5
Let c(u) = u**3 + u**2 - 2*u - 1. Let k = 62 - 41. Suppose -3*s + 15 - k = 0. Give c(s).
-1
Let f(i) be the second derivative of 0 + 10*i - 1/2*i**3 - 3/2*i**2. What is f(-3)?
6
Let w = -119 + 120. Let k(n) = -5 + 2 - n - 5*n**2 + 3. Give k(w).
-6
Let k(y) = 16*y**3 - 21*y**2 + 12*y - 28. Let w(s) = 3*s**3 - 4*s**2 + 2*s - 5. Let z(p) = 2*k(p) - 11*w(p). Give z(-2).
11
Let a(f) = -5*f + 1. Let u(r) = -r - 1. Let y(n) = -a(n) + 6*u(n). Let m be y(-6). Let c(o) = 2*o + 0*o + 1 - 2*o**2 - o. What is c(m)?
-2
Let g(t) = 27*t**2 - 20*t - 15. Let j(z) = 5*z**2 - 4*z - 3. Let d(y) = -2*g(y) + 11*j(y). Calculate d(5).
2
Let n(j) = -3*j + 2*j + 0*j**3 - 8*j**3 - j**3. Suppose -3*u + 10 = 13. Determine n(u).
10
Let j = -689 + 700. Let b(t) = t - 22. Calculate b(j).
-11
Let n(p) = -62 - 56 + 173 + 5*p - 57. What is n(4)?
18
Let s(f) = -11*f + 4*f**3 + f + 4*f - 7 + 3*f**2 - 3*f**3. What is s(-5)?
-27
Let x(a) = -8*a**2 - 6*a + 7*a**2 + 35 - 2 + 2*a + 0*a. What is x(-8)?
1
Let d(u) = -9*u**3 - 2*u**2 + u. Let w = -98 - -99. What is d(w)?
-10
Let g(w) = w**3 + w**2 - w + 3. Suppose 4*x - 2*y = -32, 5*x + 5*y = -18 - 7. Let m = x - -4. Determine g(m).
-12
Let v(u) = -8*u. Suppose -3 = -4*b + 7*b. Let a be v(b). Let q be (-12)/16 - (-14)/a. Let x(k) = -2*k + 1. Calculate x(q).
-1
Let u be (1 - 140/4)*-14. Let z(d) = u + 2*d**2 - 476 + d. Calculate z(1).
3
Let q(s) be the third derivative of s**6/360 + 17*s**4/24 - 19*s**2. Let c(f) be the second derivative of q(f). Determine c(2).
4
Let h(n) = 7*n**3 + 19*n**2 + 12. Let v(c) = -10*c**3 - 28*c**2 - c - 17. Let b(j) = 7*h(j) + 5*v(j). Give b(-5).
-26
Let s(m) = -19*m - 14*m**2 + 51*m - 16*m - 17*m. Give s(1).
-15
Let c(k) = -3*k**2 + 6 - 3*k - 2 - 7 + 0. Determine c(-3).
-21
Let o(t) be the second derivative of -t**3/6 - 9*t**2/2 + 3*t + 10. Give o(-6).
-3
Let r(c) = -20*c**2 - 2*c + 1. Suppose -12 = 3*w - 15. Determine r(w).
-21
Suppose 0 = -5*y + 4*y - 28. Let a = y - -34. Let q(j) = j**2 - 7*j + 7. What is q(a)?
1
Suppose 2*s + 7*b = 10*b - 4, -5*b = 10. Let t(j) = 0 + j - 4 - 2 + 1. Determine t(s).
-10
Let l(v) be the second derivative of -v**5/5 - v**4/6 + v**2/2 - 2*v - 11. Give l(-1).
3
Let f = -1742 - -1737. Let t(j) = 2*j**2 + 4*j - 8. Determine t(f).
22
Let c(a) = -3*a + 6. Suppose -4*k = 3*t + 5, 0 = -k - 1 - 4. Calculate c(t).
-9
Let i(f) be the second derivative of 7*f**6/120 + f**5/60 - f**4/24 - 7*f**3/2 - 4*f. Let u(y) be the second derivative of i(y). Give u(1).
22
Let r(t) = t + 1. Let x be r(4). Let h(l) = 2 + 4*l - 6*l - l**3 + 0*l - 945*l**2 + 951*l**2. What is h(x)?
17
Let j(h) = -6*h**2 - 15*h - 16. Let w(q) = 2*q**2 + 5*q + 5. Let g be -2*((-360)/(-112) - 2/(-7)). Let p(c) = g*w(c) - 2*j(c). Give p(-3).
-6
Let s(q) = -11*q + 73*q**2 + q**3 + 6 - 19*q**2 - 19*q**2 - 27*q**2. Calculate s(-9).
24
Let h(z) = z + 1. Let y(t) = -4*t**2 + 5*t - 4. Let u(d) = 3*h(d) + y(d). Let k(i) = 8 + 5*i**2 - 4 - 4 - 8*i. Let o(m) = -3*k(m) - 4*u(m). Calculate o(5).
-11
Let f(v) be the third derivative of v**4/4 - v**3/6 + v**2 - 444*v. What is f(-5)?
-31
Let a(m) = -m**2 + m + 5. Suppose 3*u + 4*r - 63 = -11, 3*u = 2*r + 46. Suppose -2*b + d = -4, 5*b + 4*d = b - u. Determine a(b).
5
Let n be (-6)/32*(-7)/((-1155)/(-44)). Let y(f) be the second derivative of 9*f - f**3 - 3/2*f**2 - 1/3*f**4 + 0 + n*f**5. Determine y(5).
-8
Let x(p) = 5 + 4 - 55*p + 5 - 3 + 56*p. Calculate x(-6).
5
Let x(o) = -2*o - 45. Let d(n) = -n - 22. Let s(v) = v**2 + 14*v + 30. Let j be s(-12). Let m(z) = j*x(z) - 13*d(z). Suppose 0*w = -w. What is m(w)?
16
Let n(j) be the third derivative of 5*j**4/24 - j**3/3 - 2944*j**2. Let g = -2 - -4. What is n(g)?
8
Let b(h) = 0 + 90*h + 5 - 94*h - 6. Give b(3).
-13
Let l(a) = a - 2. Suppose 39 = -387*n + 374*n. Give l(n).
-5
Suppose b + 2*u - 43 = 0, -3*b + 4*u + 110 + 29 = 0. Suppose 0 = -0*m + 4*m - 5*d + b, m - 2*d = -15. Let n(y) = -y**2 - 4*y + 1. What is n(m)?
-4
Suppose -4*q = -16, -102 - 2 = -5*d + 4*q. Suppose -2*f + d = 2*f. Let m(s) = s**3 - 5*s**2 - 7*s + 5. Calculate m(f).
-1
Let r(t) = -t - 8. Let k be r(-12). Suppose -k*w = w. Let j(p) = p**2 + p + 11. Determine j(w).
11
Suppose 2*d - 9 = -17. Let s be 1/((-8)/14)*4. Let b = d - s. Let z(n) = -n**3 + 3*n**2 - n - 3. What is z(b)?
-6
Let m be (-2)/5 + 36/15. Suppose -3*t - 3*h = m*h, 0 = -4*h - 12. Let a(k) = 94 + 93 - 273 - k + 94. Give a(t).
3
Let o(q) = 6. Let p(j) = -j. Let x be (-4*(-2)/4)/(-1). Let d(b) = x*p(b) + o(b). Let r = -119 - -115. Give d(r).
-2
Let t be 4/(-36)*-6*3. Let b(s) = -6 - 51*s**t - 3*s + 13*s + 49*s**2. Let c = 9 + -3. Calculate b(c).
-18
Let v(x) = -3*x + 11. Suppose 29*h = 28*h - 3*s - 5, 5*s = 5. What is v(h)?
35
Let v(h) = 2*h**3 + 4*h**2 + 6*h + 2. Let j be v(-3). Let o = -31 - j. Let a(r) = -r**3 + 4*r**2 - 2*r - 2. Give a(o).
1
Let d(t) = 2 + 3*t**2 + 4*t - t**3 + t**3 - t**3. Let h = -2738 - -2742. Determine d(h).
2
Suppose -14 = -8*p - 6. Let t(w) = -1. Let n(s) = -7*s - 5. Let f(y) = n(y) - 4*t(y). Give f(p).
-8
Let v(x) = x**3 + 11*x**2 - 7*x + 1. Let h(u) = u**3 + 10*u**2 - 7*u - 1. Let q(o) = -6*h(o) + 5*v(o). Calculate q(-6).
5
Let p = -709 + 698. Let k(o) = 2*o + 6. Give k(p).
-16
Let a(d) be the first derivative of 5 + 2*d - d**2 - 3 + 0*d. Let q(s) = s**3 - 2*s**2 - 2*s. Let p be q(3). Give a(p).
-4
Let d(y) = y**2 + 9*y + 1. Suppose -209*l - 48 = -201*l. What is d(l)?
-17
Suppose -36 = -4*n + 5*z, -3*z - 6 - 30 = -4*n. Suppose 4*v = 4*a + 8, 5*a - 4*a = 2*v - n. Let g(u) = u**2 - 7*u - 5. Calculate g(v).
-5
Let n(k) = -k**3 - k**2 - 3*k + 1. Let v(j) = -6*j**3 - 18*j**2 - 2*j - 11. Let i(l) = -5*n(l) + v(l). Give i(-14).
-2
Suppose 11*c - 20 = -9*c. Let z(k) = 17*k**3 + 1. What is z(c)?
18
Suppose -4*a = 12 + 8. Suppose -2*b + 10 = -3*n + 5*n, -5*n + 4*b = 2. Let o(y) = -y**3 + 0*y**2 - 6*y**n - 5*y + 7 - 2. Determine o(a).
5
Let y(q) = 2*q**2 + 16*q - 13. Let z be y(-9). Suppose 3*u = -u - z*v - 9, 2*u + 5*v + 7 = 0. Let a(j) = 16*j**2 - 1. Give a(u).
15
Let p(h) = -h**3 - 12*h**2 + 13*h + 4. Let u be p(-13). Let i(n) be the first derivative of n + u - n + 2*n**2. Calculate i(2).
8
Suppose 0*f + 4*f = f. Let w(i) = i**2 - 4. Give w(f).
-4
Let t(o) = -12*o**3 + o**2 - 3*o - 2. Let n(x) = -2*x**3 + x + 1. Let k(f) = 2*n(f) + t(f). Calculate k(1).
-16
Let q(b) = -b**3 - b**2 + 20. Suppose 0 = 12*l - 5*l + 10*l. What is q(l)?
20
Let r(z) = 3*z - 16. L